
True
Let n(x) = -x**2 + 6*x. Let q be n(6). Suppose 0*r + r - 48 = -m, q = 2*m - 4*r - 90. Is m a composite number?
False
Suppose 4*g - 3*g = -5. Let n = g - -7. Suppose -6 = -q + 3*i, -2*i = -n*q - 5 + 37. Is q composite?
True
Let s = -344 + 741. Is s composite?
False
Suppose 2*q - 9 = -3. Suppose -206 = -5*t - 3*g - 80, 3*t = -q*g + 72. Suppose -t - 50 = -j. Is j prime?
False
Let n(z) = -53*z + 1. Let u be n(-3). Suppose 6*s - 98 = u. Is s composite?
False
Suppose -k - 4*k = -2*c - 230, 2*c - k = -246. Let i = 246 - c. Is i composite?
True
Suppose 0 = 5*b - 893 - 162. Is b a prime number?
True
Let n = 7 - -11. Let t = n + 83. Suppose 2*q - 3*m = t, 4*q - 3*m + 8*m = 191. Is q composite?
True
Let b = 16 + 21. Suppose -b = -f + 112. Is f a composite number?
False
Let b(g) = 7*g**3 - 5*g**2 + 5*g - 4. Is b(3) a prime number?
False
Let t be 3/((-6)/(-26)) + 3. Let z = t - -35. Is z a composite number?
True
Let l(q) = -q**3 - 3*q**2 + q + 3. Let u be l(-3). Let y be 3/(-5) - 26/(-10). Suppose 0*s + y*s - 62 = u. Is s a composite number?
False
Suppose 10 = -c + 59. Is c a prime number?
False
Let z(n) = 10*n**2 + 1. Let i be (-1 - -1) + 1 + 0. Is z(i) a prime number?
True
Let z(f) = -f**3 - f + 35. Is z(0) a prime number?
False
Let j(r) = 18*r**2 + r - 13. Is j(8) a prime number?
False
Suppose 0 = 3*k - 0*k, 2*y - 2*k = 8. Let u(z) = 4*z**2 + 1. Is u(y) prime?
False
Suppose -4*d + 107 = -705. Is d a composite number?
True
Let l be 3 - (-2)/((-6)/3). Suppose 69 = l*p + p. Is p a composite number?
False
Is 259 - (1 - 3/3) a composite number?
True
Suppose -4*l + 16 = -4*t, 0 = -l + 4*t - 5*t. Suppose -7*z + l*z - 85 = 0. Let a = 16 - z. Is a a composite number?
True
Suppose -s = -0*s + 2. Let g be 3*(1 - s/(-6)). Suppose 0 = 3*h - g*f - 775, 4*h + 3*f - 1022 = -0*f. Is h prime?
True
Let k be 2 + (2 - 2) + 0. Suppose -k*o - o = 0. Suppose -3*i + 1 + 29 = -c, o = -5*i + 4*c + 57. Is i a prime number?
False
Let u = -3 - -6. Suppose l - 76 = -u*l. Is l composite?
False
Let r be (32/(-10))/(4/(-50)). Suppose -k + 57 + r = 0. Is k a prime number?
True
Is (-5209)/(-2) + 1/2 composite?
True
Let q(n) be the first derivative of 33*n**2/2 - n - 2. Is q(2) a composite number?
True
Let u(q) = -2*q**3 - 12*q**2 - q - 7. Is u(-8) a composite number?
False
Is (2836/2)/(6/(-9)*-3) prime?
True
Suppose -3*r + 481 = 64. Let b = r + -86. Is b composite?
False
Suppose -4*r + 4 = 0, 6*w = 3*w + 3*r + 165. Is (15/(-10))/((-6)/w) composite?
True
Let r = 449 - -2636. Is r prime?
False
Let s(x) = x + 5. Let g be s(-5). Let c be (0 - -29) + (1 - g). Let q = c - -3. Is q a composite number?
True
Let d(i) = -85*i**3 + i + 1. Is d(-2) prime?
False
Is 136 + 0 - (-24 - -21) composite?
False
Let s be -4 + 1 + (-63)/(-7). Suppose -2*t - 664 = -s*t. Suppose 2*l = 5*k - 339, t + 25 = 3*k + 5*l. Is k composite?
False
Suppose 0 = y - 3*y + 8. Let j(w) = 19*w**2 - 3*w + 1. Is j(y) a composite number?
False
Is 7/((0 + 4)/1916) a prime number?
False
Let g(b) = 2*b - 6. Let w be g(5). Is (-4)/(-2)*38/w prime?
True
Suppose 11 = 5*n - 9. Let d = 4 - n. Is 1 + 22 + 0 + d a prime number?
True
Let i(s) = s**3 + 10*s**2 + 3*s + 1. Is i(-7) composite?
False
Let k(y) = 2*y + 2. Let x be k(-3). Let j be (-11)/x + 3/12. Suppose 256 = 4*i + d, j*i = -d + 48 + 143. Is i a prime number?
False
Let j(t) = -t**3 - 14*t**2 - 19*t - 41. Is j(-13) prime?
True
Is -38*6764/(-88) + 2/11 a prime number?
False
Let g be (-2)/(-3) + 308/(-21). Let n = -12 - g. Is n a composite number?
False
Let q = 661 + -470. Is q composite?
False
Let r(i) be the first derivative of 9*i + 2 - 1/2*i**2 + 2/3*i**3. Is r(8) a composite number?
True
Let z(g) = g + 1. Let x be z(-7). Let q = 0 + x. Let p(b) = -21*b + 5. Is p(q) prime?
True
Suppose 0 = 3*p - 47 + 5. Is p composite?
True
Suppose -2*i = -6*i + 16. Suppose v + 2*v = i*r + 24, v - 2*r = 10. Suppose -5*n + 158 = v*s + 11, n = s + 33. Is n prime?
True
Suppose 3*m + 58 = 4. Let f = m + 131. Is f a composite number?
False
Let p be ((-2)/4)/(7/(-42)). Suppose 9 = -p*d - 0*d. Is (1 + d)*(-149)/2 prime?
True
Suppose 4*n + 2*z - 18 = -n, 3*z = -4*n + 20. Suppose -2*j - j + n*l - 10 = 0, 0 = j + l. Let g(k) = 3*k**2 + k. Is g(j) a prime number?
False
Let c = -116 - -229. Is c prime?
True
Suppose 0 = 5*u - 12 - 3. Suppose -4*j + 299 = -t, 3*t = u*j + 2*j - 379. Is j a composite number?
True
Let p be (3*-8)/((-15)/40). Suppose 4 = y - p. Is (y + -1)/(-2 + 3) composite?
False
Suppose -2*n - n - 621 = 0. Let h = n + 298. Is h a prime number?
False
Let r = 2 + -2. Let w(z) = 57*z - 6. Let u be w(5). Suppose r = -5*v - 94 + u. Is v a composite number?
False
Is 2/(-3) + (-6060)/(-18) + -2 a composite number?
True
Let g be 2/7 - (-12)/7. Suppose -3*d + 265 = g*d. Is d a prime number?
True
Suppose 3*t + 4*x - 30 = -2, -3*t + x + 8 = 0. Suppose s - 15 + t = 0. Is s prime?
True
Suppose 2*i = -i + 15. Suppose d - 8 = i*d + 4*q, 0 = -4*d + 2*q + 22. Is d prime?
True
Let f(i) be the first derivative of i**3 - i**2/2 - i + 5. Is f(-1) a composite number?
False
Let z(s) = -2*s - 1. Let h be z(-2). Suppose -2*r + 3*m = -h*r + 1, 4*r = -m + 48. Is r prime?
True
Let b = 4948 - 2489. Is b composite?
False
Suppose 0 = -3*i + 2*i - 5, u - 4*i - 1233 = 0. Is u prime?
True
Suppose -q - f + 99 + 23 = 0, -367 = -3*q - 2*f. Let v = q + -56. Is v a prime number?
True
Let u(a) = 4*a**3 + 2*a**2 - 1. Let i be u(-1). Let s = 0 - i. Suppose -6 - 108 = -s*v. Is v a composite number?
True
Let g = 1301 - -7098. Is g composite?
True
Let j be -5 + 2 + 3 - -4755. Suppose 2*x - j = -x. Suppose -3*r = -8*r + x. Is r prime?
True
Let p = 6 - 4. Suppose 4*x + 3*y = 1060, -4*x + 6*y = p*y - 1060. Is x a composite number?
True
Suppose -565 = 5*a - 10*a. Is a composite?
False
Suppose -5*v + 3*p = -21, 0 = -6*v + 3*v - p + 21. Let u = 71 - v. Suppose 3*n = 4*n - u. Is n prime?
False
Let w(o) = -2*o**2 - 5*o - 3. Let v be w(-3). Let h(k) = -2*k - 6. Is h(v) a prime number?
False
Let j(k) be the second derivative of -k**5/20 + k**4/12 - k**3/6 + 39*k**2/2 - 2*k. Is j(0) a prime number?
False
Let h = -319 + 476. Is h prime?
True
Let v(p) = -13*p - 1. Let k = -1 - -5. Let f be v(k). Let a = f + 108. Is a a prime number?
False
Let f(m) = 5038*m**2 + m + 2. Is f(-1) a composite number?
False
Let a(u) = 30*u**2 - 3*u + 1. Suppose 3 + 3 = 3*q. Suppose q*g + g = 6. Is a(g) a prime number?
False
Let o(r) = -r**3 - 7*r**2 + 6*r - 2. Let u be (3 - 1) + 18/(-2). Let m be o(u). Is (-4)/(-22) - 1356/m a composite number?
False
Suppose 3*o - 716 = 61. Is o a composite number?
True
Let p = 7 - 2. Let m(r) = r**3 + 4*r**2 - 6*r - 4. Is m(p) a composite number?
False
Is 48/(-84) + (-2937)/(-7) a prime number?
True
Suppose -5*x + 7 = -3. Let i be ((-9)/18)/(x/(-12)). Suppose -3*b + 4*t + 118 = -127, -5*b + i*t = -401. Is b composite?
False
Suppose 3*v - 610 = -2*u, 0 = -u + 4*v - 0 + 327. Is u prime?
True
Suppose 0 = 5*o + 25, -2*x - 4*o + 8 = -82. Is x a prime number?
False
Let r(g) = -g**3 - 2*g**2 + g + 4. Let u be r(-2). Suppose 3*i = 4*i + 6. Is u/3*(-441)/i composite?
True
Let w = 6 - 4. Let b(s) = 11 - 3 + s**w + 29. Is b(0) a prime number?
True
Suppose -q = -2*q + 97. Is q a composite number?
False
Let f be 23/(3/(0 + 3)). Let n = f + -10. Is n a prime number?
True
Let b(o) = -o. Suppose 2*c = -0*c, -3*c = y + 6. Let n be b(y). Is (-3)/n - 142/(-4) prime?
False
Suppose 3*x - 2*x + 4606 = 4*j, -5*j + 5759 = -2*x. Is j prime?
True
Let s(v) = 2*v**3 - v**2 + 2*v - 3. Let c = 6 - 4. Let q be s(c). Suppose a = 4, f - 2*f + 4*a - q = 0. Is f prime?
True
Suppose 4*v = 87 + 365. Is v a prime number?
True
Suppose q = -2*q. Let x be q/(2*(-1)/(-2)). Suppose 4*r + k + k - 16 = x, 10 = 5*k. Is r composite?
False
Suppose -z = -3*z + 4*a - 8, 6 = -3*z + 4*a. Suppose -3*d - 2116 = 2*h + z*h, -5*d + 4*h = 3548. Is 2/(-5) + d/(-20) a prime number?
False
Suppose -326 - 36 = -4*u - w, -6 = 3*w. Is u a composite number?
True
Is (7/7)/(3/111) a composite number?
False
Suppose -5*h = -2*z - 3*z - 4895, 4*z = 3*h - 2937. Is h prime?
False
Is 0/(9/(-3)) + 22 a composite number?
True
Suppose -2*x = -2*g + 7 + 47, -5*g = 2*x - 170. Suppose -10 = -3*j + g. Is j a composite number?
True
Suppose -5*r - 12*r + 5389 = 0. Is r prime?
True
Let q = -29 - -21. Let b(y) = 2